atest common factor of 5698 and 518?
518
Calculate the highest common factor of 135 and 175.
5
Calculate the greatest common divisor of 5 and 79035.
5
Calculate the greatest common divisor of 15109 and 1042.
521
Calculate the highest common divisor of 3300 and 156.
12
Calculate the greatest common divisor of 304 and 864044.
76
Calculate the greatest common factor of 658493 and 11.
11
Calculate the greatest common factor of 399 and 23100.
21
Calculate the greatest common factor of 792 and 7569.
9
What is the greatest common divisor of 108 and 522090?
18
Calculate the highest common divisor of 508 and 194564.
508
Calculate the greatest common divisor of 1085 and 5766.
31
Calculate the highest common divisor of 1028 and 24.
4
What is the greatest common divisor of 450 and 2286450?
450
Calculate the highest common divisor of 7266 and 66192.
42
What is the highest common divisor of 925 and 13505?
185
What is the highest common factor of 16112 and 112?
16
What is the highest common divisor of 672 and 307424?
32
Calculate the greatest common divisor of 15024 and 960.
48
Calculate the greatest common divisor of 3429 and 6.
3
Calculate the highest common divisor of 576 and 423.
9
Calculate the greatest common divisor of 366996 and 34.
34
Calculate the highest common factor of 3 and 2103.
3
What is the greatest common factor of 1010 and 3670?
10
Calculate the highest common divisor of 5120 and 6752.
32
Calculate the highest common factor of 6592 and 47584.
32
What is the highest common divisor of 173213 and 1564?
391
Calculate the greatest common factor of 1449 and 3654.
63
What is the highest common divisor of 900 and 3195?
45
What is the highest common divisor of 7080 and 140?
20
What is the highest common factor of 1 and 11117?
1
What is the highest common factor of 966 and 727122?
138
Calculate the highest common factor of 83425 and 50.
25
Calculate the greatest common divisor of 1728832 and 28.
28
What is the greatest common divisor of 407796 and 6?
6
Calculate the greatest common divisor of 1466304 and 3360.
672
Calculate the greatest common divisor of 339 and 192.
3
What is the highest common factor of 80 and 195280?
80
Calculate the greatest common divisor of 34980 and 1095.
15
Calculate the greatest common divisor of 73460 and 60.
20
What is the highest common divisor of 115 and 3610701?
23
Calculate the highest common divisor of 237916 and 899.
29
Calculate the greatest common divisor of 38 and 6162251.
19
What is the highest common divisor of 387842 and 6370?
182
Calculate the greatest common divisor of 281540 and 280.
140
Calculate the greatest common divisor of 891 and 4521.
33
Calculate the highest common divisor of 182575 and 11445.
545
What is the greatest common divisor of 132 and 65967?
33
Calculate the highest common factor of 353430 and 1188.
594
Calculate the greatest common divisor of 5925 and 237.
237
Calculate the greatest common factor of 13671 and 57071.
217
What is the highest common divisor of 1154858 and 114?
38
What is the highest common divisor of 2639 and 1281?
7
Calculate the greatest common factor of 4859 and 14351.
113
Calculate the highest common divisor of 180 and 8660.
20
What is the highest common factor of 455 and 135?
5
What is the greatest common divisor of 3069 and 465?
93
Calculate the greatest common divisor of 14 and 60683.
7
Calculate the greatest common divisor of 336 and 5124.
84
What is the highest common divisor of 1638 and 3080?
14
What is the highest common divisor of 334494 and 180?
18
What is the greatest common divisor of 426 and 244240?
142
Calculate the highest common divisor of 21 and 97923.
21
Calculate the highest common divisor of 4125 and 150.
75
What is the highest common divisor of 14368 and 4939?
449
What is the highest common divisor of 17 and 1523149?
17
Calculate the highest common factor of 1736070 and 90.
30
Calculate the highest common divisor of 10233 and 216.
27
What is the highest common factor of 2156 and 4466?
154
What is the highest common divisor of 1440 and 2828880?
720
What is the greatest common factor of 3094 and 154?
14
Calculate the greatest common factor of 3047 and 4155.
277
Calculate the greatest common factor of 36204 and 27.
3
What is the highest common divisor of 7 and 35581?
7
Calculate the greatest common factor of 57065 and 160.
5
What is the greatest common factor of 1577 and 14687?
19
What is the highest common factor of 170 and 245140?
170
Calculate the greatest common divisor of 1972 and 111418.
986
What is the highest common factor of 1395 and 5211?
9
What is the greatest common divisor of 69052 and 732?
244
Calculate the highest common divisor of 552 and 39048.
24
Calculate the highest common divisor of 1169 and 1740307.
167
Calculate the greatest common divisor of 424 and 16344.
8
What is the greatest common factor of 27272 and 392?
56
Calculate the greatest common factor of 57 and 42617.
19
What is the highest common divisor of 37768 and 2?
2
What is the highest common factor of 14 and 5432?
14
What is the greatest common divisor of 42 and 24564?
6
What is the greatest common divisor of 7764 and 1524?
12
Calculate the highest common divisor of 1307980 and 680.
340
Calculate the greatest common divisor of 147 and 87234.
21
Calculate the greatest common divisor of 175446 and 14079.
1083
What is the highest common divisor of 494228 and 266?
266
Calculate the highest common divisor of 57625 and 15.
5
What is the greatest common factor of 120 and 1293?
3
Calculate the greatest common factor of 759 and 6969.
69
Calculate the greatest common divisor of 3437096 and 104.
104
Calculate the greatest common divisor of 9594 and 971126.
1066
Calculate the greatest common factor of 11859 and 3618.
201
What is the highest common factor of 1080275 and 75?
25
What is the greatest common factor of 1060496 and 80?
16
What is the highest common divisor of 1961370 and 2664?
666
What is the greatest common factor of 72205 and 35?
35
What is the greatest common divisor of 902 and 3854?
82
What is the highest common divisor of 7636 and 498?
166
Calculate the highest common factor of 229 and 13511.
229
Calculate the highest common factor of 1682 and 15544.
58
What is the highest common divisor of 16030 and 3150?
70
What is the highest common factor of 855684 and 4617?
1539
What is the highest common factor of 93 and 1217897?
31
Calculate the highest common divisor of 1890 and 2619.
27
What is the highest common factor of 41720 and 9590?
70
Calculate the greatest common factor of 304418 and 532.
38
Calculate the highest common factor of 621 and 17361.
27
What is the highest common factor of 413484 and 12?
12
What is the highest common factor of 1241764 and 76?
76
What is the greatest common divisor of 8645 and 61880?
455
Calculate the highest common divisor of 88 and 59240.
8
Calculate the greatest common factor of 23556 and 40770.
906
What is the greatest common factor of 550 and 177056?
22
What is the greatest common divisor of 2717522 and 124?
62
What is the greatest common divisor of 352 and 10150624?
352
What is the greatest common divisor of 190176 and 168?
168
What is the greatest common factor of 12625 and 625?
125
Calculate the greatest common factor of 117420 and 16686.
618
Calculate the greatest common factor of 84 and 40848.
12
What is the highest common factor of 135 and 1217745?
45
What is the highest common divisor of 48 and 18?
6
What is the highest common factor of 7540 and 180?
20
Calculate the greatest common divisor of 3726 and 6762.
138
Calculate the greatest common factor of 320 and 12230.
10
What is the highest common divisor of 39845 and 390?
65
What is the greatest common factor of 588416 and 32?
32
Calculate the greatest common factor of 148435 and 35.
35
Calculate the greatest common divisor of 7760 and 160.
80
Calculate the greatest common divisor of 190 and 1980.
10
What is the greatest common divisor of 896 and 6656?
128
Calculate the greatest common divisor of 168 and 181384.
56
Calculate the highest common divisor of 56389 and 17.
17
Calculate the greatest common factor of 118 and 459551.
59
What is the greatest common divisor of 7542 and 2637?
9
Calculate the greatest common factor of 7505422 and 219.
73
Calculate the highest common factor of